divide 325303251?
True
Does 31 divide 28242818?
False
Does 157 divide 15101673?
True
Is 345 a factor of 1768815?
True
Does 7 divide 50826100?
False
Is 60915168 a multiple of 288?
True
Is 55 a factor of 86816070?
True
Is 112072394 a multiple of 269?
True
Is 35 a factor of 2660732?
False
Is 409539610 a multiple of 10?
True
Is 80506680 a multiple of 1416?
True
Does 480 divide 90109224?
False
Does 115 divide 942195?
True
Is 35 a factor of 408580048?
False
Does 1440 divide 57042720?
True
Does 18 divide 35236622?
False
Is 41031752 a multiple of 71?
True
Is 12 a factor of 307986119?
False
Is 2030 a factor of 950852000?
True
Does 1480 divide 284751028?
False
Is 230 a factor of 203123773?
False
Is 305 a factor of 58528484?
False
Is 19 a factor of 356532093?
True
Does 13 divide 68224248?
False
Is 30154229 a multiple of 289?
False
Is 4 a factor of 1784120?
True
Does 13 divide 1495480124?
False
Is 501 a factor of 674786590?
False
Does 49 divide 663837191?
False
Is 1677606 a multiple of 213?
False
Is 834088 a multiple of 68?
True
Does 964 divide 9363332?
True
Is 270585183 a multiple of 1768?
False
Is 167870423 a multiple of 2167?
False
Does 175 divide 49995925?
True
Does 8 divide 78877041?
False
Is 851673141 a multiple of 8271?
True
Is 12903561 a multiple of 9?
True
Is 270314154 a multiple of 62?
False
Is 3425 a factor of 253737700?
True
Does 3 divide 1622230?
False
Does 10 divide 19035662?
False
Does 182 divide 3580811074?
False
Is 1239721599 a multiple of 1301?
True
Is 1208208410 a multiple of 23?
False
Is 20 a factor of 166652473?
False
Is 3982429890 a multiple of 18?
True
Is 10508673 a multiple of 813?
False
Is 792 a factor of 282369058?
False
Does 241 divide 185143314?
False
Does 37 divide 23939740?
True
Does 534 divide 337355728?
False
Is 513843423 a multiple of 13?
False
Is 3217135 a multiple of 34?
False
Is 341 a factor of 1484904?
False
Is 657 a factor of 289528349?
False
Is 7 a factor of 176757539?
True
Is 1933 a factor of 2073450029?
False
Is 12 a factor of 1146204?
True
Is 346 a factor of 609549584?
True
Is 1498339574 a multiple of 6254?
True
Does 656 divide 8873823?
False
Does 17 divide 2032279467?
True
Does 63 divide 22221760?
False
Is 5065 a factor of 2614338184?
False
Is 241 a factor of 191408225?
True
Is 569690663 a multiple of 238?
False
Does 387 divide 8671896?
True
Is 118718505 a multiple of 200?
False
Is 23305664 a multiple of 196?
False
Is 22411419 a multiple of 31?
True
Is 25 a factor of 15316850?
True
Is 2211154506 a multiple of 26?
False
Is 184796456 a multiple of 1333?
True
Is 20791520 a multiple of 1592?
True
Is 20 a factor of 24819860?
True
Is 104353080 a multiple of 302?
True
Is 16 a factor of 3371422656?
True
Is 844 a factor of 164230930?
False
Is 208424004 a multiple of 3231?
False
Is 14 a factor of 25178580?
True
Does 874 divide 657158936?
False
Is 17 a factor of 571717004?
True
Is 20029854 a multiple of 2946?
True
Is 110490984 a multiple of 18?
True
Is 9 a factor of 36488520?
True
Does 98 divide 7857052?
True
Is 851 a factor of 17069481?
False
Does 24 divide 22670949?
False
Is 2254757999 a multiple of 4?
False
Does 14 divide 30174606?
True
Is 1341 a factor of 119040337?
False
Is 17536628 a multiple of 806?
False
Does 34 divide 124183572?
True
Is 25069889 a multiple of 549?
False
Does 813 divide 417060057?
True
Is 2186 a factor of 824618222?
True
Is 26 a factor of 198880552?
True
Is 42 a factor of 8960011?
False
Is 403 a factor of 206958232?
True
Does 678 divide 42692304?
True
Does 130 divide 29057080?
True
Does 24 divide 123011554?
False
Does 16 divide 257277282?
False
Does 399 divide 6365010?
False
Is 695805972 a multiple of 20?
False
Is 33 a factor of 9774138?
True
Is 4801197 a multiple of 719?
False
Does 600 divide 234221148?
False
Is 212 a factor of 9602328?
True
Is 11059428 a multiple of 4?
True
Does 528 divide 564709681?
False
Does 515 divide 2786150?
True
Is 127463402 a multiple of 2484?
False
Is 714609000 a multiple of 350?
True
Does 1984 divide 147852354?
False
Is 432527774 a multiple of 1022?
True
Is 3 a factor of 82702650?
True
Does 16 divide 843082320?
True
Is 1133988185 a multiple of 1903?
True
Is 3 a factor of 16450801?
False
Does 147 divide 744039002?
False
Does 33 divide 68657879?
False
Is 25 a factor of 5195431?
False
Does 310 divide 113241425?
False
Does 208 divide 323261952?
True
Does 2191 divide 295620316?
False
Is 9843028 a multiple of 1898?
True
Does 18 divide 3137647?
False
Does 29 divide 26091907?
False
Is 19 a factor of 50925434?
True
Does 122 divide 9074242?
False
Is 36713664 a multiple of 156?
True
Is 95226348 a multiple of 529?
True
Does 74 divide 915620426?
True
Is 2639 a factor of 53792562?
False
Does 44 divide 5886106?
False
Is 6 a factor of 373797956?
False
Does 2343 divide 228620568?
True
Does 1862 divide 290639580?
True
Is 247106622 a multiple of 685?
False
Is 33 a factor of 16938957?
False
Is 13 a factor of 175614738?
True
Does 20 divide 172725142?
False
Is 84 a factor of 87882904?
False
Is 963 a factor of 75934588?
False
Is 36461403 a multiple of 69?
False
Is 8535248 a multiple of 4?
True
Does 1362 divide 203312437?
False
Does 14 divide 8406986?
True
Is 12 a factor of 56224896?
True
Is 139 a factor of 2521886393?
False
Is 142350954 a multiple of 942?
False
Is 724808329 a multiple of 8?
False
Does 10 divide 40901560?
True
Is 10792623 a multiple of 1350?
False
Does 2738 divide 164053141?
False
Does 7951 divide 892269171?
True
Does 621 divide 97660323?
True
Is 11 a factor of 3381879102?
False
Is 4556 a factor of 1604139744?
False
Is 338848811 a multiple of 2737?
True
Is 5286326 a multiple of 106?
True
Is 68353662 a multiple of 1676?
False
Is 87 a factor of 83059774?
False
Is 202295884 a multiple of 1724?
True
Is 139 a factor of 1747755513?
False
Does 335 divide 120465157?
False
Is 7388 a factor of 521666680?
True
Is 209346 even?
True
Is 2738160 a multiple of 16?
True
Is 635 a factor of 719181315?
True
Is 24738999 a multiple of 50?
False
Does 44 divide 234963168?
True
Is 249472287 a multiple of 60?
False
Is 93717790 a multiple of 11?
False
Is 930962135 a multiple of 78?
False
Does 2 divide 80916102?
True
Is 159 a factor of 2958990?
True
Does 2010 divide 111681630?
True
Is 78315345 a multiple of 207?
True
Is 54 a factor of 199856106?
True
Is 44 a factor of 871645645?
False
Is 901 a factor of 1429085110?
True
Is 41 a factor of 31258564?
True
Is 416 a factor of 67821533?
False
Is 2025493040 a multiple of 73?
True
Does 250 divide 1565500?
True
Is 1108 a factor of 1318746?
False
Is 3 a factor of 7950627?
True
Is 105016949 a multiple of 22?
False
Does 1176 divide 1772735328?
True
Is 1467 a factor of 68683473?
True
Is 65 a factor of 250064537?
False
Does 41 divide 2358812?
True
Does 190 divide 314099070?
True
Does 2015 divide 66598916?
False
Is 68 a factor of 592187434?
False
Is 51965112 a multiple of 12?
True
Is 3401 a factor of 1232355751?
True
Is 1610595880 a multiple of 29?
False
Does 4232 divide 1224571520?
True
Does 3100 divide 31852420?
False
Is 137770556 a multiple of 77?
True
Is 33 a factor of 831499175?
False
Does 177 divide 65615316?
True
Is 575394122 a multiple of 1290?
False
Is 396 a factor of 452528141?
False
Does 3421 divide 529633145?
False
Is 18 a factor of 97354080?
True
Does 2836 divide 330799548?
True
Is 1090372773 a multiple of 14?
False
Does 664 divide 29057968?
True
Is 40126352 a multiple of 296?
True
Is 41899887 a multiple of 681?
True
Is 5255 a factor of 5779575120?
True
Is 1878 a factor of 35987637?
False
Is 50710800 a multiple of 168?
True
Does 272 divide 17249152?
True
Does 19 divide 45169699?
False
Is 236986903 a multiple of 353?
True
Is 932 a factor of 46354972?
False
Is 42 a factor of 600872412?
True
Is 1665477095 a multiple of 48?
False
Is 109794802 a multiple of 127?
True
Is 38 a factor of 73356808?
False
Is 1297169516 a multiple of 118?
True
Does 120 divide 675765865?
False
Does 13 divide 2186318875?
True
Is 1737 a factor of 18739413?
False
Is 1424214248 a multiple of 4766?
True
Does 377 divide 1061652465?
False
Does 61 divide 11057739?
False
Does 16 divide 71645328?
True
Does 1429 divide 290570008?
False
Does 19 divide 207273716?
False
Does 116 divide 700060220?
False
Is 576 a factor of 397995840?
True
Is 85 a factor of 13798922?
False
Is 3689 a factor of 1230